4, what is -110130001012 - -31?
-110130000321
In base 2, what is -111000011111 - 100010011?
-111100110010
In base 14, what is -75 + 5d9646?
5d95b1
In base 15, what is -19a7 + -10ea?
-2aa2
In base 8, what is -50501 - 702?
-51403
In base 5, what is -1430312411 - -41?
-1430312320
In base 14, what is 3 + 1850d?
18512
In base 4, what is -1013013132212 - -10?
-1013013132202
In base 12, what is -19a8 - -203b5?
1a609
In base 10, what is -50889 + 10?
-50879
In base 14, what is -87ab44 - 0?
-87ab44
In base 8, what is 17665647 + -11?
17665636
In base 14, what is 1 + -91a9749?
-91a9748
In base 10, what is 44547 - -19?
44566
In base 2, what is -10101101010 + -1001001111010111?
-1001100101000001
In base 9, what is 100687 - -48?
100746
In base 13, what is 3ab0674 - 2?
3ab0672
In base 3, what is -110010 - 102201211001?
-102202021011
In base 10, what is 2 + -7497962?
-7497960
In base 14, what is 11cb7 - -d32?
12c09
In base 12, what is -7b971 + 227?
-7b746
In base 5, what is -14 + 144334000?
144333431
In base 10, what is -1 + 4147812?
4147811
In base 12, what is -532 + 38692?
38160
In base 3, what is 22012120202211 - 1101?
22012120201110
In base 3, what is -1 + 20100022021210?
20100022021202
In base 6, what is -1120 - 105311?
-110431
In base 5, what is 4434400 - -33?
4434433
In base 8, what is 24766 + 1515?
26503
In base 12, what is -7 - 48712a86?
-48712a91
In base 16, what is 5 + 1c77133?
1c77138
In base 16, what is a - -47c9?
47d3
In base 3, what is 2110201112 + 210111221?
10021020110
In base 7, what is 1 + -53131241?
-53131240
In base 3, what is -1002 - 100021122121?
-100021200200
In base 15, what is 0 - 1777337?
-1777337
In base 7, what is -25104555 - 12?
-25104600
In base 7, what is -2 + 6365601303?
6365601301
In base 2, what is 10110100 - 1010000100011110?
-1010000001101010
In base 14, what is 3b15 + 6bdb?
a912
In base 2, what is -111011100010001011 + -1100?
-111011100010010111
In base 14, what is 7d572331 + 2?
7d572333
In base 10, what is -5615001 + 11?
-5614990
In base 9, what is 22 + 1806146?
1806168
In base 12, what is 59969 + -12?
59957
In base 13, what is -355a37 + -1?
-355a38
In base 4, what is -312 + 133033320?
133033002
In base 13, what is 2 + -6a0664c4?
-6a0664c2
In base 7, what is 211424 - 1542?
206552
In base 5, what is -1110 - 1011404342?
-1011411002
In base 9, what is 637658576 + -4?
637658572
In base 9, what is 4 + -27137145?
-27137141
In base 14, what is -3 - -734d93?
734d90
In base 9, what is -82006667 + 3?
-82006664
In base 15, what is 5d0 - -119d?
177d
In base 7, what is -16 + 651560306?
651560260
In base 5, what is 1310144 + -1?
1310143
In base 15, what is 3 - -9719b6b?
9719b6e
In base 11, what is 34314a - 24?
343126
In base 16, what is -89 + -388?
-411
In base 4, what is 2233233 - -10213103?
13113002
In base 4, what is -1 - 132232032213?
-132232032220
In base 4, what is 11302 - -11120121011?
11120132313
In base 7, what is -4 + -5060556?
-5060563
In base 12, what is -6814b0a - -2?
-6814b08
In base 8, what is 1051 + -60224?
-57153
In base 12, what is 8911 + -17b?
8752
In base 4, what is 10 - -3320310212?
3320310222
In base 4, what is -20302220 - -3000?
-20233220
In base 15, what is 586263c - -1?
586263d
In base 10, what is -9 + -8273023?
-8273032
In base 16, what is -26c - -220a?
1f9e
In base 16, what is -1a1935 + 1?
-1a1934
In base 13, what is 230 - -4a47?
4c77
In base 7, what is 346132326 - 5?
346132321
In base 8, what is -21514314 + -4?
-21514320
In base 6, what is 151022 - -10013?
201035
In base 11, what is -2 - -113819a?
1138198
In base 13, what is -2b02 - 1869?
-466b
In base 3, what is 10011122202020 - 10112?
10011122121201
In base 13, what is 931a + c8b4?
18c01
In base 16, what is 8907f0 - 6?
8907ea
In base 9, what is 1753 + 63521?
65374
In base 12, what is -4 - -33772a?
337726
In base 14, what is -2a4a89 + 145?
-2a4944
In base 10, what is -214 + -18313?
-18527
In base 9, what is -1 - -4641326?
4641325
In base 8, what is 63605 - -1611?
65416
In base 14, what is -563da6 - 7?
-563dad
In base 12, what is 169 + 1b860?
1ba09
In base 8, what is -546 + -17163?
-17731
In base 6, what is -3242 + 152013?
144331
In base 13, what is -49a11c + 1?
-49a11b
In base 3, what is 221011 - -2220200202?
2221121220
In base 3, what is 1 + 2100101220110?
2100101220111
In base 2, what is -111 + -11111011110001000000?
-11111011110001000111
In base 15, what is -1a5be + 2cb?
-1a2e3
In base 8, what is -25707 + -2371?
-30300
In base 3, what is -12 - -112101220112211?
112101220112122
In base 11, what is -a62 - -4055?
30a3
In base 15, what is 560adbc8 + -3?
560adbc5
In base 10, what is 14 + -2826581?
-2826567
In base 8, what is 2754 - -27752?
32726
In base 10, what is 2324 + -1424?
900
In base 8, what is 222546 - -331?
223077
In base 9, what is -148 + 23384?
23235
In base 13, what is 15a - -9164b?
917a8
In base 13, what is -3 - -458317?
458314
In base 14, what is -bb62 - 669?
-c3cb
In base 12, what is -1432 - 1b2b5?
-20727
In base 13, what is 1477a29 + -12?
1477a17
In base 16, what is -5298f + -33?
-529c2
In base 6, what is 22 + 13540044?
13540110
In base 7, what is 540231162 + 5?
540231200
In base 3, what is -20110 + 2020020001?
2012222121
In base 2, what is -10000 + -10000011101101100?
-10000011101111100
In base 2, what is 1111101101101011001010110100 + -110?
1111101101101011001010101110
In base 4, what is 101132022222122 - 2?
101132022222120
In base 4, what is -3002 - 10131101?
-10200103
In base 10, what is -3880300 + -3?
-3880303
In base 16, what is -1731 + -10f?
-1840
In base 15, what is -22778 - 61?
-227d9
In base 4, what is 1 + 20201010332?
20201010333
In base 16, what is 17e936 + 76?
17e9ac
In base 8, what is 6232 - -4757?
13211
In base 7, what is -105300413 - -4?
-105300406
In base 10, what is -1993 + 10534?
8541
In base 9, what is -176 - -28865?
28678
In base 10, what is 2387 + 142779?
145166
In base 5, what is -1343042333 - -1?
-1343042332
In base 10, what is 39 - -1310859?
1310898
In base 11, what is -7 - -156044?
156038
In base 11, what is -238 + -7707a?
-77307
In base 5, what is -10243 - 1322441?
-1333234
In base 11, what is 3a5 - 1487?
-1092
In base 4, what is 222300230 + 313?
222301203
In base 14, what is -7c + 35a924?
35a886
In base 6, what is 24050 - -23045?
51135
In base 6, what is 13213 - 455321?
-442104
In base 6, what is 4 - -12220113?
12220121
In base 2, what is 1111 - -100010100001000?
100010100010111
In base 5, what is 43 + 43102323?
43102421
In base 15, what is -61ba6 + -31?
-61bd7
In base 5, what is 131441 + 10400?
142341
In base 12, what is -24a56 + -52?
-24aa8
In base 12, what is -1ab0 - -43b?
-1671
In base 4, what is 1132233 + 223?
1133122
In base 3, what is 2101001020 + -110210?
2100120110
In base 3, what is -11121202011012101 + 0?
-11121202011012101
In base 12, what is 5 + -8442b4b?
-8442b46
In base 8, what is -63520 + 435?
-63063
In base 15, what is 1385e48 - -c?
1385e55
In base 6, what is 212433205 + -10?
212433155
In base 3, what is -202211102212021 - -10?
-202211102212011
In base 14, what is -13b2a5 + -77?
-13b33c
In base 14, what is 62 + 19482?
19504
In base 8, what is -3 + -22162343?
-22162346
In base 15, what is 3 + 3483c0?
3483c3
In base 6, what is -142013532 + -5?
-142013541
In base 9, what is 51760584 + 3?
51760587
In base 12, what is 5 - -18561091?
18561096
In base 16, what is -c7cb + af1?
-bcda
In base 8, what is -3 - 1160142431?
-1160142434
In base 14, what is 220 - 160831?
-160611
In base 12, what is -ab724 + 6a?
-ab676
In base 11, what is 122529995 - 0?
122529995
In base 3, what is 1222100021 + -2000022?
1220022222
In base 13, what is 30949 + -372?
305a7
In base 8, what is 450233 - 1667?
446344
In base 7, what is 14 - -141413162?
141413206
In base 14, what is -247 + 1c9b65?
1c991c
In base 16, what is 77 - -1b117?
1b18e
In base 3, what is -12021120002001 + -12000?
-12021120021001
In base 16, what is c1 + 3c66b?
3c72c
In base 3, what is -10 - 200212220202020?
-200212220202100
In base 9, what is 62 + -867460?
-867387
In base 10, what is -7040 - -304?
-6736
In base 3, what is 1122000 - 200120101?
-121221101
In base 11, what is 473 + -144524?
-144061
In base 3, what is 122111 - -22020020?
22212201
In base 7, what is -104 + 1454202?
1454065
In base 4, what is 11221021033113 - 1?
11221021033112
In base 4, what is 30 -